{"id":20,"date":"2017-04-24T18:17:17","date_gmt":"2017-04-24T18:17:17","guid":{"rendered":"http:\/\/sv-rw-alhausen.de\/?page_id=20"},"modified":"2023-05-15T11:56:24","modified_gmt":"2023-05-15T11:56:24","slug":"impressum","status":"publish","type":"page","link":"https:\/\/sv-rw-alhausen.de\/?page_id=20","title":{"rendered":"Impressum &#038; Datenschutzerkl\u00e4rung"},"content":{"rendered":"<h1><strong>Impressum<\/strong><\/h1>\n<h2><strong>Angaben gem\u00e4\u00df \u00a7 5 TMG<\/strong><\/h2>\n<h6>SV Rot-Wei\u00df Alhausen e.V.<br \/>\nWeberring 7<br \/>\n33014 Bad Driburg<\/h6>\n<p>Vereinsregister: VR 56<br \/>\nRegistergericht: Amtsgericht Paderborn<\/p>\n<h3><strong>Vertreten durch den Vorstand nach \u00a726 BGB:<\/strong><\/h3>\n<h5>1. Vorsitzender<\/h5>\n<h6>Marc K\u00f6rner<\/h6>\n<h6>Marienplatz 5<\/h6>\n<h6>33014 Bad Driburg<\/h6>\n<h5>2. Vorsitzender<\/h5>\n<h6>Timo Brockhagen<\/h6>\n<h6>Sch\u00f6nekamp 25<\/h6>\n<h6>33014 Bad Driburg<\/h6>\n<h5>Gesch\u00e4ftsf\u00fchrer<\/h5>\n<h6>Benjamin Nolte<\/h6>\n<h6>Weberring 7<\/h6>\n<h6>33014 Bad Driburg<\/h6>\n<h5>Kassenwart<\/h5>\n<h6>Stefan Kleine<\/h6>\n<h6>Weberplatz 10<\/h6>\n<h6>33014 Bad Driburg<\/h6>\n<h5>Beisitzerin<\/h5>\n<h6>Melanie Kr\u00f6ger<\/h6>\n<h6>Wiebusch 8<\/h6>\n<h6>33014 Bad Driburg<\/h6>\n<h2><strong>Kontakt<\/strong><\/h2>\n<h6>E-Mail: info@sv-rw-alhausen.de<\/h6>\n<h6><\/h6>\n<h6>Wir sind nicht bereit oder verpflichtet, an Streitbeilegungsverfahren vor einer<\/h6>\n<h6>Verbraucherschlichtungsstelle teilzunehmen.<\/h6>\n<h6>Quelle:<\/h6>\n<h6><a href=\"https:\/\/www.e-recht24.de\/impressum-generator.html\">https:\/\/www.e-recht24.de\/impressum-generator.html<\/a><\/h6>\n<h2><strong>Haftungsauschluss:<\/strong><\/h2>\n<h3><strong>Haftung f\u00fcr Inhalte<\/strong><\/h3>\n<h6>Als Diensteanbieter sind wir gem\u00e4\u00df \u00a7 7 Abs.1 TMG f\u00fcr eigene Inhalte auf diesen Seiten nach den allgemeinen Gesetzen verantwortlich. Nach \u00a7\u00a7 8 bis 10 TMG sind wir als Diensteanbieter jedoch nicht verpflichtet, \u00fcbermittelte oder gespeicherte fremde Informationen zu \u00fcberwachen oder nach Umst\u00e4nden zu forschen, die auf eine rechtswidrige T\u00e4tigkeit hinweisen.<\/h6>\n<h6>Verpflichtungen zur Entfernung oder Sperrung der Nutzung von Informationen nach den allgemeinen Gesetzen bleiben hiervon unber\u00fchrt. Eine diesbez\u00fcgliche Haftung ist jedoch erst ab dem Zeitpunkt der Kenntnis einer konkreten Rechtsverletzung m\u00f6glich. Bei Bekanntwerden von entsprechenden Rechtsverletzungen werden wir diese Inhalte umgehend entfernen.<\/h6>\n<h3><strong>Haftung f\u00fcr Links<\/strong><\/h3>\n<h6>Unser Angebot enth\u00e4lt Links zu externen Websites Dritter, auf deren Inhalte wir keinen Einfluss haben. Deshalb k\u00f6nnen wir f\u00fcr diese fremden Inhalte auch keine Gew\u00e4hr \u00fcbernehmen. F\u00fcr die Inhalte der verlinkten Seiten ist stets der jeweilige Anbieter oder Betreiber der Seiten verantwortlich. Die verlinkten Seiten wurden zum Zeitpunkt der Verlinkung auf m\u00f6gliche Rechtsverst\u00f6\u00dfe \u00fcberpr\u00fcft. Rechtswidrige Inhalte waren zum Zeitpunkt der Verlinkung nicht erkennbar.<\/h6>\n<h6>Eine permanente inhaltliche Kontrolle der verlinkten Seiten ist jedoch ohne konkrete Anhaltspunkte einer Rechtsverletzung nicht zumutbar. Bei Bekanntwerden von Rechtsverletzungen werden wir derartige Links umgehend entfernen.<\/h6>\n<h3><strong>Urheberrecht<\/strong><\/h3>\n<h6>Die durch die Seitenbetreiber erstellten Inhalte und Werke auf diesen Seiten unterliegen dem deutschen Urheberrecht. Die Vervielf\u00e4ltigung, Bearbeitung, Verbreitung und jede Art der Verwertung au\u00dferhalb der Grenzen des Urheberrechtes bed\u00fcrfen der schriftlichen Zustimmung des jeweiligen Autors bzw. Erstellers. Downloads und Kopien dieser Seite sind nur f\u00fcr den privaten, nicht kommerziellen Gebrauch gestattet.<\/h6>\n<h6>Soweit die Inhalte auf dieser Seite nicht vom Betreiber erstellt wurden, werden die Urheberrechte Dritter beachtet. Insbesondere werden Inhalte Dritter als solche gekennzeichnet. Sollten Sie trotzdem auf eine Urheberrechtsverletzung aufmerksam werden, bitten wir um einen entsprechenden Hinweis. Bei Bekanntwerden von Rechtsverletzungen werden wir derartige Inhalte umgehend entfernen.<\/h6>\n<h6>Quelle:<\/h6>\n<h6><a href=\"https:\/\/www.e-recht24.de\/muster-disclaimer.html\">https:\/\/www.e-recht24.de\/muster-disclaimer.html<\/a><\/h6>\n<h1>Datenschutzerkl\u00e4rung nach der DSGVO<\/h1>\n<h2>Name und Anschrift des Verantwortlichen<\/h2>\n<p>Der Verantwortliche im Sinne der Datenschutz-Grundverordnung (DS-GVO) und anderer nationaler Datenschutzgesetze der Mitgliedsstaaten sowie sonstiger datenschutzrechtlicher Bestimmungen ist:<\/p>\n<p><em>SV Rot-Wei\u00df Alhausen e. V.<\/em><\/p>\n<p><em>Vertreten durch den 1. Vorsitzenden<\/em><\/p>\n<h2>Allgemeines zur Datenverarbeitung<\/h2>\n<h3>I. Umfang der Verarbeitung personenbezogener Daten<\/h3>\n<p>Wir verarbeiten personenbezogene Daten unserer Nutzer grunds\u00e4tzlich nur, soweit dies zur Bereitstellung einer funktionsf\u00e4higen Website sowie unserer Inhalte und Leistungen erforderlich ist.<\/p>\n<h4><strong>II. Verarbeitung bei der Nutzung unserer Website<\/strong><\/h4>\n<p>Beim Aufrufen unserer Website k\u00f6nnen durch den auf Ihrem Endger\u00e4t zum Einsatz kommenden Browser automatisch Informationen an den Server unserer Website gesendet. Diese Informationen k\u00f6nnen tempor\u00e4r in einem sog. Logfile gespeichert werden. Folgende Informationen k\u00f6nnen dabei erfasst und bis zur automatisierten L\u00f6schung gespeichert werden:<\/p>\n<ul>\n<li>um das letzte Oktett gek\u00fcrzte IP-Adresse des anfragenden Rechners,<\/li>\n<li>Datum und Uhrzeit des Zugriffs,<\/li>\n<li>Name und URL der abgerufenen Datei,<\/li>\n<li>Website, von der aus der Zugriff erfolgt (Referrer-URL),<\/li>\n<li>verwendeter Browser und ggf. das Betriebssystem Ihres Rechners sowie<\/li>\n<li>der Name Ihres Access-Providers.<\/li>\n<\/ul>\n<p>Die genannten Daten k\u00f6nnen zu folgenden Zwecken verarbeitet werden:<\/p>\n<ul>\n<li>Gew\u00e4hrleistung eines reibungslosen Verbindungsaufbaus der Website,<\/li>\n<li>Gew\u00e4hrleistung einer komfortablen Nutzung unserer Website,<\/li>\n<li>\u00dcberpr\u00fcfung und Gew\u00e4hrleistung der Systemsicherheit und -stabilit\u00e4t sowie<\/li>\n<li>zu weiteren administrativen Zwecken.<\/li>\n<\/ul>\n<p>Die Rechtsgrundlage f\u00fcr die Datenverarbeitung ist Art. 6 Abs. 1 S. 1 DS-GVO.<\/p>\n<p>Sofern innerhalb des Internetauftritts die Eingabe pers\u00f6nlicher oder gesch\u00e4ftlicher Daten m\u00f6glich ist, so erfolgt die Eingabe dieser Daten seitens des Nutzers auf ausdr\u00fccklich freiwilliger Basis.<\/p>\n<p><strong>III . Recht am eigenen Bild<\/strong><\/p>\n<p>Sofern innerhalb des Internetauftritts Fotos von Personen ver\u00f6ffentlicht wurden, geschieht dies mit Einwilligung der abgebildeten Personen oder Erziehungsberechtigten. <strong>Keine Einwilligung<\/strong>\u00a0wird ben\u00f6tigt, wenn bei \u00f6ffentlichen Veranstaltungen Fotos von Personen gemacht werden, die erkennbar Teilnehmer der Veranstaltung sind und die Darstellung der Veranstaltung offensichtlich im Vordergrund steht (z. B. Berichterstattung \u00fcber \u00f6ffentliche Veranstaltungen des SV Rot-Wei\u00df Alhausen e. V.). Die Anfertigung und Ver\u00f6ffentlichung von Veranstaltungsfotos erfolgt daher aufgrund \u201eberechtigter Interessen\u201c im Rahmen der \u00d6ffentlichkeitsarbeit des SV Rot-Wei\u00df Alhausen (Art. 6 Abs. 1 Satz 1 lit. f DS-GVO).<\/p>\n<ol>\n<li><strong> Verwendung personenbezogener Daten unserer Mitglieder<\/strong><\/li>\n<\/ol>\n<p>1.) Zur Erf\u00fcllung der Zwecke und Aufgaben des Vereins werden unter Beachtung der Vorgaben der DS-GVO und des Bundesdatenschutzgesetzes (BDSG) personenbezogene Daten \u00fcber pers\u00f6nliche und sachliche Verh\u00e4ltnisse der Mitglieder im Verein verarbeitet.<\/p>\n<p>2.) Soweit in den jeweiligen Vorschriften beschriebene Voraussetzungen vorliegen, hat jedes Vereinsmitglied insbesondere die folgenden Rechte:<\/p>\n<p>&#8211; das Recht auf Auskunft nach Artikel 15 DSGVO,<\/p>\n<p>&#8211; das Recht auf Berichtigung nach Artikel 16 DSGVO,<\/p>\n<p>&#8211; das Recht auf L\u00f6schung nach Artikel 17 DSGVO,<\/p>\n<p>&#8211; das Recht auf Einschr\u00e4nkung der Verarbeitung nach Artikel 18 DSGVO<\/p>\n<p>&#8211; das Recht auf Daten\u00fcbertragbarkeit nach Artikel 20 DSGVO und<\/p>\n<p>&#8211; das Widerspruchsrecht nach Artikel 21 DSGVO.<\/p>\n<p>3.) Den Organen des Vereins oder sonst f\u00fcr den Verein T\u00e4tigen ist es untersagt, personenbezogene Daten unbefugt zu anderen als dem zur jeweiligen Aufgabenerf\u00fcllung geh\u00f6hrenden Zweck zu verarbeiten, bekannt zu geben, Dritten zug\u00e4nglich zu machen oder sonst zu nutzen. Diese Pflicht besteht auch \u00fcber das Ausscheiden der oben genannten Personen aus dem Verein hinaus.<\/p>\n","protected":false},"excerpt":{"rendered":"<p>Impressum Angaben gem\u00e4\u00df \u00a7 5 TMG SV Rot-Wei\u00df Alhausen e.V. Weberring 7 33014 Bad Driburg Vereinsregister: VR 56 Registergericht: Amtsgericht Paderborn Vertreten durch den Vorstand nach \u00a726 BGB: 1. Vorsitzender Marc K\u00f6rner Marienplatz 5 33014 Bad Driburg 2. Vorsitzender Timo Brockhagen Sch\u00f6nekamp 25 33014 Bad Driburg Gesch\u00e4ftsf\u00fchrer Benjamin Nolte Weberring 7 33014 Bad Driburg Kassenwart [&hellip;]<\/p>\n","protected":false},"author":1,"featured_media":0,"parent":0,"menu_order":0,"comment_status":"closed","ping_status":"closed","template":"","meta":[],"_links":{"self":[{"href":"https:\/\/sv-rw-alhausen.de\/index.php?rest_route=\/wp\/v2\/pages\/20"}],"collection":[{"href":"https:\/\/sv-rw-alhausen.de\/index.php?rest_route=\/wp\/v2\/pages"}],"about":[{"href":"https:\/\/sv-rw-alhausen.de\/index.php?rest_route=\/wp\/v2\/types\/page"}],"author":[{"embeddable":true,"href":"https:\/\/sv-rw-alhausen.de\/index.php?rest_route=\/wp\/v2\/users\/1"}],"replies":[{"embeddable":true,"href":"https:\/\/sv-rw-alhausen.de\/index.php?rest_route=%2Fwp%2Fv2%2Fcomments&post=20"}],"version-history":[{"count":6,"href":"https:\/\/sv-rw-alhausen.de\/index.php?rest_route=\/wp\/v2\/pages\/20\/revisions"}],"predecessor-version":[{"id":452,"href":"https:\/\/sv-rw-alhausen.de\/index.php?rest_route=\/wp\/v2\/pages\/20\/revisions\/452"}],"wp:attachment":[{"href":"https:\/\/sv-rw-alhausen.de\/index.php?rest_route=%2Fwp%2Fv2%2Fmedia&parent=20"}],"curies":[{"name":"wp","href":"https:\/\/api.w.org\/{rel}","templated":true}]}}